{"id":1761,"date":"2017-01-15T14:05:01","date_gmt":"2017-01-15T14:05:01","guid":{"rendered":"http:\/\/auto.vladpavlovski.com\/?page_id=1761"},"modified":"2022-01-22T18:47:46","modified_gmt":"2022-01-22T18:47:46","slug":"autoservis-2","status":"publish","type":"page","link":"https:\/\/www.autohouser.cz\/?page_id=1761","title":{"rendered":"Autoservis"},"content":{"rendered":"<p>[vc_row equal_height=&#8220;yes&#8220; content_placement=&#8220;top&#8220;][vc_column width=&#8220;1\/2&#8243; css=&#8220;.vc_custom_1484488306466{margin-top: 0px !important;border-top-width: 0px !important;padding-top: 0px !important;}&#8220;][vc_column_text]<span style=\"color: #000000;\">V na\u0161em <strong>autoservisu<\/strong> prov\u00e1d\u00edme\u00a0ve\u0161ker\u00e9 opravy voz\u016f v\u0161ech zna\u010dek. Prov\u00e1d\u00edme ve\u0161ker\u00e9 karosa\u0159sk\u00e9, lak\u00fdrnick\u00e9, mechanick\u00e9 i autoelektrik\u00e1\u0159sk\u00e9 pr\u00e1ce v\u010detn\u011b autodiagnostiky, kter\u00e1 je pravideln\u011b upgradovan\u00e1 specializovanou firmou.<\/span><\/p>\n<p><span style=\"color: #000000;\">Tyto pr\u00e1ce prov\u00e1d\u00ed profesion\u00e1ln\u011b vy\u0161kolen\u00fd t\u00fdm automechanik\u016f v modern\u00edm prost\u0159ed\u00ed na\u0161\u00ed firmy na nejnov\u011bj\u0161\u00edch stroj\u00edch .<\/span><\/p>\n<p><span style=\"color: #000000;\">R\u00e1di oprav\u00edme vozidlo ka\u017ed\u00e9mu, kdo s d\u016fv\u011brou vyu\u017eije na\u0161ich slu\u017eeb. Po dobu opravy je samoz\u0159ejmost\u00ed zap\u016fj\u010den\u00ed n\u00e1hradn\u00edho vozidla .<\/span>[\/vc_column_text][\/vc_column][vc_column width=&#8220;1\/2&#8243;]<figure class=\"sc_image  alignright sc_image_shape_square\" style=\"width:500px;\"><img decoding=\"async\" src=\"https:\/\/www.autohouser.cz\/wp-content\/uploads\/2018\/06\/Screen-Shot-2018-06-26-at-22.11.20-500x236.png\" alt=\"\" \/><\/figure>[\/vc_column][\/vc_row][vc_row][vc_column][vc_empty_space height=&#8220;64px&#8220;][\/vc_column][\/vc_row][vc_row][vc_column][vc_text_separator title=&#8220;Slu\u017eby autoservisu&#8220; color=&#8220;custom&#8220; css=&#8220;.vc_custom_1484489768631{margin-top: 0px !important;margin-bottom: 0px !important;}&#8220; accent_color=&#8220;#cb3933&#8243;][\/vc_column][\/vc_row][vc_row][vc_column width=&#8220;1\/2&#8243;]<ul class=\"sc_list sc_list_style_ul\" style=\"margin-top:25px;\"><li class=\"sc_list_item odd first\" title=\"karos\u00e1\u0159sk\u00e9 pr\u00e1ce\"><span><\/span>karos\u00e1\u0159sk\u00e9 pr\u00e1ce<\/li><li class=\"sc_list_item even\" title=\"lak\u00fdrnick\u00e9 pr\u00e1ce\"><span><\/span>lak\u00fdrnick\u00e9 pr\u00e1ce<\/li><li class=\"sc_list_item odd\" title=\"mechanick\u00e9 pr\u00e1ce\"><span><\/span>mechanick\u00e9 pr\u00e1ce<\/li><\/ul>[\/vc_column][vc_column width=&#8220;1\/2&#8243;]<ul class=\"sc_list sc_list_style_ul\" style=\"margin-top:25px;\"><li class=\"sc_list_item odd first\" title=\"autoelektrik\u00e1\u0159sk\u00e9 pr\u00e1ce\"><span><\/span>autoelektrik\u00e1\u0159sk\u00e9 pr\u00e1ce<\/li><li class=\"sc_list_item even\" title=\"autodiagnostika\"><span><\/span>autodiagnostika<\/li><li class=\"sc_list_item odd\" title=\"prodej n\u00e1hradn\u00edch d\u00edl\u016f\"><span><\/span>prodej n\u00e1hradn\u00edch d\u00edl\u016f<\/li><\/ul>[\/vc_column][\/vc_row][vc_row][vc_column][vc_column_text]<span style=\"color: #000000;\">P\u0159i oprav\u00e1ch pou\u017e\u00edv\u00e1me jak origin\u00e1ln\u00ed d\u00edly, tak d\u00edly neorigin\u00e1ln\u00ed od kvalitn\u00edch dodavatel\u016f jako je AUTO KELLY, APM nebo ELIT.<\/span><\/p>\n<p><span style=\"color: #000000;\">V\u017edy se sna\u017e\u00edme vyj\u00edt z\u00e1kazn\u00edk\u016fm a jejich p\u0159\u00e1n\u00edm vst\u0159\u00edc, preferujeme profesionalitu a dob\u0159e odvedenou pr\u00e1ci na ka\u017ed\u00e9m vozidle, kter\u00e9 se dostane do na\u0161eho autoservisu &#8211; \u0160KODY FAVORIT po\u010d\u00ednaje PORSCHE PANAMERA kon\u010de.\u00a0<\/span>[\/vc_column_text][\/vc_column][\/vc_row][vc_row][vc_column][vc_empty_space][\/vc_column][\/vc_row][vc_row][vc_column][vc_text_separator title=&#8220;Kontakt&#8220; color=&#8220;custom&#8220; css=&#8220;.vc_custom_1528061786032{margin-top: 0px !important;margin-bottom: 0px !important;}&#8220; accent_color=&#8220;#cb3933&#8243;][vc_column_text]<\/p>\n<p style=\"text-align: center;\"><span style=\"color: #000000;\">P\u0159\u00edlepsk\u00e1 1707, Roztoky, 252 63 &#8211; ZELEN\u00c1 BUDOVA<\/span><\/p>\n<p>[\/vc_column_text][vc_empty_space height=&#8220;48px&#8220;][\/vc_column][\/vc_row][vc_row][vc_column]<div class=\"columns_wrap sc_columns columns_nofluid sc_columns_count_2\"><div class=\"column-1_2 sc_column_item sc_column_item_1 odd first\">[vc_column_text]<strong><span style=\"color: #000000;\">Otev\u00edrac\u00ed doba: <\/span><\/strong><br \/>\n<strong><span style=\"color: #000000;\">pond\u011bl\u00ed &#8211; p\u00e1tek 07:30 &#8211; 16:30<\/span><\/strong><\/p>\n<table class=\"contacts__table\">\n<tbody>\n<tr>\n<td>\n<div style=\"color: #000000;\">telefon<\/div>\n<\/td>\n<td><a style=\"color: #000000;\" href=\"callto: 00420233910042\">233 910 042<\/a><\/td>\n<\/tr>\n<tr>\n<td>\n<div style=\"color: #000000;\">email<\/div>\n<div><\/div>\n<\/td>\n<td><a style=\"color: #000000;\" href=\"mailto:servis@autohouser.cz\">servis@autohouser.cz<\/a><\/td>\n<\/tr>\n<tr>\n<td>\n<div><strong>Josef \u010c\u00ed\u017ekovsk\u00fd<\/strong><\/div>\n<div>p\u0159ij\u00edmac\u00ed technik, vedouc\u00ed servisu<\/div>\n<div><\/div>\n<\/td>\n<td style=\"text-align: left;\"><a href=\"callto: 00420731151334\">731 151 334<\/a><\/td>\n<\/tr>\n<tr>\n<td>\n<div><strong>David Hodoval<\/strong><\/div>\n<div>mechanik, z\u00e1stupce vedouc\u00edho servisu<\/div>\n<div><\/div>\n<\/td>\n<td><a href=\"callto: 00420731151338\">731 151 338<\/a><\/td>\n<\/tr>\n<tr>\n<td><\/td>\n<\/tr>\n<\/tbody>\n<\/table>\n<p>[\/vc_column_text]<\/div><div class=\"column-1_2 sc_column_item sc_column_item_2 even\"><figure class=\"sc_image  alignright sc_image_shape_square\" style=\"width:500px;\"><img decoding=\"async\" src=\"https:\/\/www.autohouser.cz\/wp-content\/uploads\/2016\/10\/autoservis-500x300.jpg\" alt=\"\" \/><\/figure><\/div><\/div>[\/vc_column][\/vc_row][vc_row][vc_column][vc_empty_space][\/vc_column][\/vc_row][vc_row][vc_column][vc_column_text]<\/p>\n<p style=\"text-align: center;\"><span style=\"color: #000000;\">P\u0159\u00edlepsk\u00e1 1233, Roztoky, 252 63 &#8211; \u010cERVEN\u00c1 BUDOVA<\/span><\/p>\n<p>[\/vc_column_text][vc_empty_space height=&#8220;48px&#8220;][\/vc_column][\/vc_row][vc_row][vc_column]<div class=\"columns_wrap sc_columns columns_nofluid sc_columns_count_2\"><div class=\"column-1_2 sc_column_item sc_column_item_1 odd first\">[vc_column_text]<strong><span style=\"color: #000000;\">Otev\u00edrac\u00ed doba: <\/span><\/strong><br \/>\n<strong><span style=\"color: #000000;\">pond\u011bl\u00ed &#8211; p\u00e1tek 08:00 &#8211; 17:00<\/span><\/strong><\/p>\n<table class=\"contacts__table\">\n<tbody>\n<tr>\n<td><\/td>\n<td><\/td>\n<\/tr>\n<tr>\n<td>\n<div style=\"color: #000000;\">email<\/div>\n<div><\/div>\n<\/td>\n<td><span style=\"color: #000000;\"><a style=\"color: #000000;\" href=\"mailto:miroslav.vejbora@autohouser.cz\">miroslav.vejbora@autohouser.cz<\/a><\/span><\/td>\n<\/tr>\n<tr>\n<td>\n<div><strong>Miroslav Vejbora<\/strong><\/div>\n<div>p\u0159ij\u00edmac\u00ed technik, vedouc\u00ed autoservisu<\/div>\n<div><\/div>\n<\/td>\n<td style=\"text-align: left;\"><a href=\"callto:00420731862462\">731 862 462<\/a><\/td>\n<\/tr>\n<tr>\n<td>\n<div><strong>Tom\u00e1\u0161 Pra\u017e\u00e1k<\/strong><\/div>\n<div>vedouc\u00ed mechanik<\/div>\n<div><\/div>\n<\/td>\n<td><a href=\"callto: 00420603172954\">603 172 954<\/a><\/td>\n<\/tr>\n<tr>\n<td><\/td>\n<\/tr>\n<\/tbody>\n<\/table>\n<p>[\/vc_column_text]<\/div><div class=\"column-1_2 sc_column_item sc_column_item_2 even\"><figure class=\"sc_image  alignright sc_image_shape_square\" style=\"width:500px;\"><img decoding=\"async\" src=\"https:\/\/www.autohouser.cz\/wp-content\/uploads\/2018\/06\/Servis-c\u030cervena\u0301-budova-1-scaled-500x279.jpg\" alt=\"\" \/><\/figure><\/div><\/div>[\/vc_column][\/vc_row]<\/p>\n","protected":false},"excerpt":{"rendered":"<p>[vc_row equal_height=&#8220;yes&#8220; content_placement=&#8220;top&#8220;][vc_column width=&#8220;1\/2&#8243; css=&#8220;.vc_custom_1484488306466{margin-top: 0px !important;border-top-width: 0px !important;padding-top: 0px !important;}&#8220;][vc_column_text]V na\u0161em autoservisu prov\u00e1d\u00edme\u00a0ve\u0161ker\u00e9 opravy voz\u016f v\u0161ech zna\u010dek. Prov\u00e1d\u00edme ve\u0161ker\u00e9 karosa\u0159sk\u00e9, lak\u00fdrnick\u00e9, mechanick\u00e9 i autoelektrik\u00e1\u0159sk\u00e9 pr\u00e1ce v\u010detn\u011b autodiagnostiky, kter\u00e1 je pravideln\u011b upgradovan\u00e1 specializovanou firmou. Tyto pr\u00e1ce prov\u00e1d\u00ed profesion\u00e1ln\u011b vy\u0161kolen\u00fd t\u00fdm automechanik\u016f v modern\u00edm prost\u0159ed\u00ed na\u0161\u00ed firmy na nejnov\u011bj\u0161\u00edch stroj\u00edch . R\u00e1di oprav\u00edme vozidlo ka\u017ed\u00e9mu, kdo [&hellip;]<\/p>\n","protected":false},"author":2,"featured_media":0,"parent":0,"menu_order":0,"comment_status":"closed","ping_status":"closed","template":"","meta":{"footnotes":""},"class_list":["post-1761","page","type-page","status-publish","hentry"],"_links":{"self":[{"href":"https:\/\/www.autohouser.cz\/index.php?rest_route=\/wp\/v2\/pages\/1761","targetHints":{"allow":["GET"]}}],"collection":[{"href":"https:\/\/www.autohouser.cz\/index.php?rest_route=\/wp\/v2\/pages"}],"about":[{"href":"https:\/\/www.autohouser.cz\/index.php?rest_route=\/wp\/v2\/types\/page"}],"author":[{"embeddable":true,"href":"https:\/\/www.autohouser.cz\/index.php?rest_route=\/wp\/v2\/users\/2"}],"replies":[{"embeddable":true,"href":"https:\/\/www.autohouser.cz\/index.php?rest_route=%2Fwp%2Fv2%2Fcomments&post=1761"}],"version-history":[{"count":9,"href":"https:\/\/www.autohouser.cz\/index.php?rest_route=\/wp\/v2\/pages\/1761\/revisions"}],"predecessor-version":[{"id":2655,"href":"https:\/\/www.autohouser.cz\/index.php?rest_route=\/wp\/v2\/pages\/1761\/revisions\/2655"}],"wp:attachment":[{"href":"https:\/\/www.autohouser.cz\/index.php?rest_route=%2Fwp%2Fv2%2Fmedia&parent=1761"}],"curies":[{"name":"wp","href":"https:\/\/api.w.org\/{rel}","templated":true}]}}