{"id":1789,"date":"2017-02-05T09:10:43","date_gmt":"2017-02-05T09:10:43","guid":{"rendered":"http:\/\/auto.vladpavlovski.com\/?page_id=1789"},"modified":"2018-07-01T13:33:39","modified_gmt":"2018-07-01T13:33:39","slug":"klimatizace","status":"publish","type":"page","link":"https:\/\/www.autohouser.cz\/?page_id=1789","title":{"rendered":"Klimatizace"},"content":{"rendered":"<p>[vc_row equal_height=&#8220;yes&#8220; content_placement=&#8220;top&#8220;][vc_column width=&#8220;1\/2&#8243; css=&#8220;.vc_custom_1484488306466{margin-top: 0px !important;border-top-width: 0px !important;padding-top: 0px !important;}&#8220;][vc_column_text]<span style=\"color: #000000;\">Jak poznat, \u017ee klimatizace ve Va\u0161em automobilu pot\u0159ebuje pozornost?<\/span><\/p>\n<p><span style=\"color: #000000;\">Sta\u010d\u00ed sledovat funk\u010dnost p\u0159i jej\u00edm provozu. P\u0159i zapnut\u00e9 auto klimatizaci, kdy se okoln\u00ed teplota pohybuje okolo 30\u00b0C, by se teplota vzduchu z v\u00fddech\u016f ventilace m\u011bla pohybovat okolo 10-15\u00b0C a kompresor by se p\u0159i volnob\u011b\u017en\u00fdch ot\u00e1\u010dk\u00e1ch u v\u011bt\u0161iny voz\u016f nem\u011bl vyp\u00ednat. Stejn\u011b tak jak\u00fdkoliv hluk vych\u00e1zej\u00edc\u00ed z kompresoru m\u016f\u017ee nazna\u010dovat probl\u00e9m.\u00a0Ze vzduchov\u00fdch pr\u016fduch\u016f autoklimatizace by nem\u011bl b\u00fdt c\u00edtit \u017e\u00e1dn\u00fd z\u00e1pach.\u00a0<\/span><\/p>\n<p><span style=\"color: #000000;\">Jak v\u00e1m pom\u016f\u017eeme ?\u00a0<\/span><\/p>\n<ul>\n<li><span style=\"color: #000000;\">ods\u00e1t\u00ed a recyklace star\u00e9ho chladiva ze syst\u00e9mu klimatizace<\/span><\/li>\n<li><span style=\"color: #000000;\">tlakov\u00e9 zkou\u0161ky jednotliv\u00fdch \u010d\u00e1st\u00ed okruhu auto klimatizace<\/span><\/li>\n<li><span style=\"color: #000000;\">aplikace kontrastn\u00ed UV l\u00e1tky pro odhalen\u00ed net\u011bsnosti okruhu autoklimatizace &#8211; detekce \u00fanik\u016f chladiva z okruhu klimatizace<\/span><\/li>\n<li><span style=\"color: #000000;\">odstran\u011bn\u00ed \u00fanik\u016f ze syst\u00e9mu auto klimatizace, kontrola t\u011bsnosti okruhu klimatizace &#8211; pln\u011bn\u00ed okruhu speci\u00e1ln\u00edm olejem<\/span><\/li>\n<li><span style=\"color: #000000;\">pln\u011bn\u00ed okruhu autoklimatizace chladivem R134a<\/span><\/li>\n<li><span style=\"color: #000000;\">dezinfekce vzduchov\u00fdch pr\u016fduch\u016f v aut\u011b &#8211; v\u00fdm\u011bna kabinov\u00e9ho (pylov\u00e9ho) filtru<\/span><\/li>\n<\/ul>\n<p>[\/vc_column_text][\/vc_column][vc_column width=&#8220;1\/2&#8243;]<figure class=\"sc_image  sc_image_shape_square\" style=\"width:500px;\"><img decoding=\"async\" src=\"https:\/\/www.autohouser.cz\/wp-content\/uploads\/2017\/02\/Screen-Shot-2017-09-16-at-22.03.35-500x582.png\" alt=\"\" \/><\/figure>[\/vc_column][\/vc_row][vc_row][vc_column][vc_empty_space height=&#8220;64px&#8220;][\/vc_column][\/vc_row][vc_row][vc_column][vc_text_separator title=&#8220;Dezinfekce autoklimatizace&#8220; color=&#8220;custom&#8220; css=&#8220;.vc_custom_1505592575856{margin-top: 0px !important;margin-bottom: 0px !important;}&#8220; accent_color=&#8220;#cb3933&#8243;][\/vc_column][\/vc_row][vc_row][vc_column][vc_empty_space][\/vc_column][\/vc_row][vc_row][vc_column][vc_column_text]<span style=\"color: #000000;\">Je velmi vhodn\u00e9 prov\u00e1d\u011bt tzv. dezinfekci auto klimatizace, kter\u00e1 ni\u010d\u00ed bakterie a pl\u00edsn\u011b a odstran\u00ed z\u00e1pach. Bohu\u017eel vzniku bakteri\u00ed se ned\u00e1 na v\u017edy zabr\u00e1nit a proto se doporu\u010duje dezinfekci autoklimatizace prov\u00e1d\u011bt alespo\u0148 jednou ro\u010dn\u011b, v\u017edy p\u0159ed sez\u00f3nou.<\/span>[\/vc_column_text][\/vc_column][\/vc_row][vc_row][vc_column][vc_empty_space][\/vc_column][\/vc_row][vc_row][vc_column][vc_text_separator title=&#8220;Servis, opravy a pln\u011bn\u00ed autoklimatizace&#8220; color=&#8220;custom&#8220; css=&#8220;.vc_custom_1505592786867{margin-top: 0px !important;margin-bottom: 0px !important;}&#8220; accent_color=&#8220;#cb3933&#8243;][\/vc_column][\/vc_row][vc_row][vc_column][vc_empty_space][\/vc_column][\/vc_row][vc_row][vc_column][vc_column_text]<span style=\"color: #000000;\">Mezi nej\u010dast\u011bj\u0161\u00ed poruchy autoklimatizace pat\u0159\u00ed \u00fanik chlad\u00edc\u00edho m\u00e9dia. N\u011bkte\u0159\u00ed v\u00fdrobci uv\u00e1d\u00ed jako p\u0159ijateln\u00fd unik a\u017e 25% hmotnosti chladiva za rok. Z toho vypl\u00fdv\u00e1 tak\u00e9 \u00fa\u010delnost preventivn\u00edch prohl\u00eddek, kter\u00e9 V\u00e1m zaru\u010d\u00ed, \u017ee klimatizace bude opravdu funk\u010dn\u00ed. Ty mohou tak\u00e9 zabr\u00e1nit p\u0159\u00edpadn\u00e9 v\u011bt\u0161\u00ed poru\u0161e, kter\u00e1 by si vy\u017e\u00e1dala v\u00fdrazn\u011b vy\u0161\u0161\u00ed investice.<\/span>[\/vc_column_text][\/vc_column][\/vc_row][vc_row][vc_column][vc_empty_space][\/vc_column][\/vc_row][vc_row][vc_column][vc_text_separator title=&#8220;Ekologick\u00e1 chlad\u00edc\u00ed kapalina ?&#8220; color=&#8220;custom&#8220; css=&#8220;.vc_custom_1505592869476{margin-top: 0px !important;margin-bottom: 0px !important;}&#8220; accent_color=&#8220;#cb3933&#8243;][\/vc_column][\/vc_row][vc_row][vc_column][vc_empty_space][\/vc_column][\/vc_row][vc_row][vc_column][vc_column_text]<span style=\"color: #000000;\">Tato &#8222;ekologick\u00e1&#8220; chladiva sice u\u017e nepo\u0161kozuj\u00ed oz\u00f3novou vrstvu jako d\u0159\u00edv\u011bj\u0161\u00ed &#8222;neekologick\u00e1&#8220; tzv. freony, ale tuto kladnou vlastnost bohu\u017eel vyva\u017euj\u00ed sv\u00fdm za\u0159azen\u00edm mezi tzv. sklen\u00edkov\u00e9 plyny. To znamen\u00e1, \u017ee zna\u010dnou m\u011brou p\u0159isp\u00edvaj\u00ed k oh\u0159\u00edv\u00e1n\u00ed planety. D\u016fle\u017eitou str\u00e1nkou opravdu kvalitn\u00edho servisu autoklimatizace je tedy tak\u00e9 p\u0159\u00edsn\u00e9 sledov\u00e1n\u00ed ekologick\u00fdch hledisek, zejm\u00e9na bez \u00fanikov\u00e9 ods\u00e1v\u00e1n\u00ed a pln\u011bn\u00ed chladiv.<\/span><\/p>\n<p><strong><span style=\"color: #000000;\">Chov\u00e1me se \u0161etrn\u011b k \u017eivotn\u00edmu prost\u0159ed\u00ed.<\/span><\/strong><br \/>\n<span style=\"color: #000000;\">V sou\u010dasn\u00e9 dob\u011b pou\u017e\u00edv\u00e1me pro servis autoklimatizace speci\u00e1ln\u00ed ods\u00e1vac\u00ed a pln\u00edc\u00ed stanici, kter\u00e1 zaji\u0161\u0165uje nejen bez \u00fanikovou manipulaci s chladivem, ale tak\u00e9 p\u0159esn\u00e9 pln\u011bn\u00ed p\u0159edepsan\u00e9ho mno\u017estv\u00ed v kr\u00e1tk\u00fdch \u010dasech. Vzhledem k v\u00fd\u0161e popsan\u00fdm vlastnostem je syst\u00e9m auto klimatizace zna\u010dn\u011b choulostiv\u00e1 z\u00e1le\u017eitost a jak\u00e9koliv z\u00e1sahy do n\u00ed, bez znalosti problematiky, t\u00e9m\u011b\u0159 v\u017edy kon\u010d\u00ed po\u0161kozen\u00edm. Vzhledem k cen\u00e1m jednotliv\u00fdch d\u00edl\u016f (kdy nap\u0159. cena nov\u00e9ho kompresoru velmi \u010dasto p\u0159ekra\u010duje hranici 20 tis\u00edc K\u010d) se servis (opravy) autoklimatizac\u00ed vyplat\u00ed v\u017edy sv\u011b\u0159it do rukou kvalifikovan\u00fdch odborn\u00edk\u016f.<\/span>[\/vc_column_text][\/vc_column][\/vc_row][vc_row][vc_column][vc_empty_space][\/vc_column][\/vc_row][vc_row][vc_column][vc_text_separator title=&#8220;Kontakt&#8220; color=&#8220;custom&#8220; css=&#8220;.vc_custom_1529868107243{margin-top: 0px !important;margin-bottom: 0px !important;}&#8220; accent_color=&#8220;#cb3933&#8243;][vc_column_text]<\/p>\n<p style=\"text-align: center;\"><span style=\"color: #000000;\">P\u0159\u00edlepsk\u00e1 1233, Roztoky, 252 63<\/span><\/p>\n<p>[\/vc_column_text][vc_empty_space height=&#8220;48px&#8220;][\/vc_column][\/vc_row][vc_row][vc_column]<div class=\"columns_wrap sc_columns columns_nofluid sc_columns_count_2\"><div class=\"column-1_2 sc_column_item sc_column_item_1 odd first\">[vc_column_text]<strong><span style=\"color: #000000;\">Otev\u00edrac\u00ed doba: <\/span><\/strong><br \/>\n<strong><span style=\"color: #000000;\">pond\u011bl\u00ed &#8211; p\u00e1tek 08:00 &#8211; 17:00<\/span><\/strong><\/p>\n<table class=\"contacts__table\">\n<tbody>\n<tr>\n<td><\/td>\n<td><\/td>\n<\/tr>\n<tr>\n<td>\n<div style=\"color: #000000;\">email<\/div>\n<div><\/div>\n<\/td>\n<td><span style=\"color: #000000;\"><a style=\"color: #000000;\" href=\"mailto:miroslav.vejbora@autohouser.cz\">miroslav.vejbora@autohouser.cz<\/a><\/span><\/td>\n<\/tr>\n<tr>\n<td>\n<div><strong>Miroslav Vejbora<\/strong><\/div>\n<div>p\u0159ij\u00edmac\u00ed technik, vedouc\u00ed autoservisu<\/div>\n<div><\/div>\n<\/td>\n<td style=\"text-align: left;\"><a href=\"callto:00420731862462\">731 862 462<\/a><\/td>\n<\/tr>\n<tr>\n<td>\n<div><strong>Tom\u00e1\u0161 Pra\u017e\u00e1k<\/strong><\/div>\n<div>vedouc\u00ed mechanik<\/div>\n<div><\/div>\n<\/td>\n<td><a href=\"callto: 00420603172954\">603 172 954<\/a><\/td>\n<\/tr>\n<tr>\n<td><\/td>\n<\/tr>\n<\/tbody>\n<\/table>\n<p>[\/vc_column_text]<\/div><div class=\"column-1_2 sc_column_item sc_column_item_2 even\"><figure class=\"sc_image  alignright sc_image_shape_square\" style=\"width:500px;\"><img decoding=\"async\" src=\"https:\/\/www.autohouser.cz\/wp-content\/uploads\/2018\/06\/Servis-c\u030cervena\u0301-budova-1-scaled-500x279.jpg\" alt=\"\" \/><\/figure><\/div><\/div>[\/vc_column][\/vc_row]<\/p>\n","protected":false},"excerpt":{"rendered":"<p>[vc_row equal_height=&#8220;yes&#8220; content_placement=&#8220;top&#8220;][vc_column width=&#8220;1\/2&#8243; css=&#8220;.vc_custom_1484488306466{margin-top: 0px !important;border-top-width: 0px !important;padding-top: 0px !important;}&#8220;][vc_column_text]Jak poznat, \u017ee klimatizace ve Va\u0161em automobilu pot\u0159ebuje pozornost? Sta\u010d\u00ed sledovat funk\u010dnost p\u0159i jej\u00edm provozu. P\u0159i zapnut\u00e9 auto klimatizaci, kdy se okoln\u00ed teplota pohybuje okolo 30\u00b0C, by se teplota vzduchu z v\u00fddech\u016f ventilace m\u011bla pohybovat okolo 10-15\u00b0C a kompresor by se p\u0159i volnob\u011b\u017en\u00fdch ot\u00e1\u010dk\u00e1ch u [&hellip;]<\/p>\n","protected":false},"author":2,"featured_media":0,"parent":0,"menu_order":0,"comment_status":"closed","ping_status":"closed","template":"","meta":{"footnotes":""},"class_list":["post-1789","page","type-page","status-publish","hentry"],"_links":{"self":[{"href":"https:\/\/www.autohouser.cz\/index.php?rest_route=\/wp\/v2\/pages\/1789","targetHints":{"allow":["GET"]}}],"collection":[{"href":"https:\/\/www.autohouser.cz\/index.php?rest_route=\/wp\/v2\/pages"}],"about":[{"href":"https:\/\/www.autohouser.cz\/index.php?rest_route=\/wp\/v2\/types\/page"}],"author":[{"embeddable":true,"href":"https:\/\/www.autohouser.cz\/index.php?rest_route=\/wp\/v2\/users\/2"}],"replies":[{"embeddable":true,"href":"https:\/\/www.autohouser.cz\/index.php?rest_route=%2Fwp%2Fv2%2Fcomments&post=1789"}],"version-history":[{"count":1,"href":"https:\/\/www.autohouser.cz\/index.php?rest_route=\/wp\/v2\/pages\/1789\/revisions"}],"predecessor-version":[{"id":2441,"href":"https:\/\/www.autohouser.cz\/index.php?rest_route=\/wp\/v2\/pages\/1789\/revisions\/2441"}],"wp:attachment":[{"href":"https:\/\/www.autohouser.cz\/index.php?rest_route=%2Fwp%2Fv2%2Fmedia&parent=1789"}],"curies":[{"name":"wp","href":"https:\/\/api.w.org\/{rel}","templated":true}]}}