{"id":2584,"date":"2020-05-31T18:42:54","date_gmt":"2020-05-31T18:42:54","guid":{"rendered":"https:\/\/www.autohouser.cz\/?page_id=2584"},"modified":"2020-06-01T20:00:53","modified_gmt":"2020-06-01T20:00:53","slug":"autobazar","status":"publish","type":"page","link":"https:\/\/www.autohouser.cz\/?page_id=2584","title":{"rendered":"Autobazar"},"content":{"rendered":"\n<div class=\"wp-block-columns is-layout-flex wp-container-core-columns-is-layout-9d6595d7 wp-block-columns-is-layout-flex\">\n<div class=\"wp-block-column is-layout-flow wp-block-column-is-layout-flow\">\n<div class=\"wp-block-image\"><figure class=\"alignleft size-large\"><a href=\"https:\/\/www.autohouser.cz\/?page_id=2586\"><img loading=\"lazy\" decoding=\"async\" width=\"1024\" height=\"768\" src=\"https:\/\/www.autohouser.cz\/wp-content\/uploads\/2020\/05\/b1447eb1-1e92-4c89-a130-77e504e4fe8e-1024x768.jpg\" alt=\"\" class=\"wp-image-2579\" srcset=\"https:\/\/www.autohouser.cz\/wp-content\/uploads\/2020\/05\/b1447eb1-1e92-4c89-a130-77e504e4fe8e-1024x768.jpg 1024w, https:\/\/www.autohouser.cz\/wp-content\/uploads\/2020\/05\/b1447eb1-1e92-4c89-a130-77e504e4fe8e-600x450.jpg 600w, https:\/\/www.autohouser.cz\/wp-content\/uploads\/2020\/05\/b1447eb1-1e92-4c89-a130-77e504e4fe8e-300x225.jpg 300w, https:\/\/www.autohouser.cz\/wp-content\/uploads\/2020\/05\/b1447eb1-1e92-4c89-a130-77e504e4fe8e-768x576.jpg 768w, https:\/\/www.autohouser.cz\/wp-content\/uploads\/2020\/05\/b1447eb1-1e92-4c89-a130-77e504e4fe8e-1536x1152.jpg 1536w, https:\/\/www.autohouser.cz\/wp-content\/uploads\/2020\/05\/b1447eb1-1e92-4c89-a130-77e504e4fe8e-1150x863.jpg 1150w, https:\/\/www.autohouser.cz\/wp-content\/uploads\/2020\/05\/b1447eb1-1e92-4c89-a130-77e504e4fe8e-770x578.jpg 770w, https:\/\/www.autohouser.cz\/wp-content\/uploads\/2020\/05\/b1447eb1-1e92-4c89-a130-77e504e4fe8e-400x300.jpg 400w, https:\/\/www.autohouser.cz\/wp-content\/uploads\/2020\/05\/b1447eb1-1e92-4c89-a130-77e504e4fe8e-250x188.jpg 250w, https:\/\/www.autohouser.cz\/wp-content\/uploads\/2020\/05\/b1447eb1-1e92-4c89-a130-77e504e4fe8e.jpg 1600w\" sizes=\"auto, (max-width: 1024px) 100vw, 1024px\" \/><\/a><figcaption><strong>Audi Q5<\/strong><br><br>V provozu od 11\/2012. Tachometr: 130 300 km, nafta. Objem: 1 968 ccm. P\u0159evodovka automatick\u00e1. Klimatizace automatick\u00e1.<\/figcaption><\/figure><\/div>\n<\/div>\n\n\n\n<div class=\"wp-block-column is-layout-flow wp-block-column-is-layout-flow\">\n<div class=\"wp-block-image\"><figure class=\"alignleft size-large\"><a href=\"https:\/\/www.autohouser.cz\/?page_id=2613\"><img loading=\"lazy\" decoding=\"async\" width=\"1024\" height=\"768\" src=\"https:\/\/www.autohouser.cz\/wp-content\/uploads\/2020\/05\/91b377c9-ea02-4926-9421-e78b3138dcc4-1024x768.jpg\" alt=\"\" class=\"wp-image-2574\" srcset=\"https:\/\/www.autohouser.cz\/wp-content\/uploads\/2020\/05\/91b377c9-ea02-4926-9421-e78b3138dcc4-1024x768.jpg 1024w, https:\/\/www.autohouser.cz\/wp-content\/uploads\/2020\/05\/91b377c9-ea02-4926-9421-e78b3138dcc4-600x450.jpg 600w, https:\/\/www.autohouser.cz\/wp-content\/uploads\/2020\/05\/91b377c9-ea02-4926-9421-e78b3138dcc4-300x225.jpg 300w, https:\/\/www.autohouser.cz\/wp-content\/uploads\/2020\/05\/91b377c9-ea02-4926-9421-e78b3138dcc4-768x576.jpg 768w, https:\/\/www.autohouser.cz\/wp-content\/uploads\/2020\/05\/91b377c9-ea02-4926-9421-e78b3138dcc4-1536x1152.jpg 1536w, https:\/\/www.autohouser.cz\/wp-content\/uploads\/2020\/05\/91b377c9-ea02-4926-9421-e78b3138dcc4-1150x863.jpg 1150w, https:\/\/www.autohouser.cz\/wp-content\/uploads\/2020\/05\/91b377c9-ea02-4926-9421-e78b3138dcc4-770x578.jpg 770w, https:\/\/www.autohouser.cz\/wp-content\/uploads\/2020\/05\/91b377c9-ea02-4926-9421-e78b3138dcc4-400x300.jpg 400w, https:\/\/www.autohouser.cz\/wp-content\/uploads\/2020\/05\/91b377c9-ea02-4926-9421-e78b3138dcc4-250x188.jpg 250w, https:\/\/www.autohouser.cz\/wp-content\/uploads\/2020\/05\/91b377c9-ea02-4926-9421-e78b3138dcc4.jpg 1600w\" sizes=\"auto, (max-width: 1024px) 100vw, 1024px\" \/><\/a><figcaption><strong>Renault Laguna<\/strong><br><strong>Cena: 69 900 K\u010d<br><\/strong>V provozu od 5\/2005. Tachometr: 157 200 km, benz\u00edn. Objem: 1 998 ccm.  P\u0159evodovka manu\u00e1ln\u00ed. Klimatizace: automatick\u00e1<\/figcaption><\/figure><\/div>\n<\/div>\n<\/div>\n\n\n\n<div class=\"wp-block-columns is-layout-flex wp-container-core-columns-is-layout-9d6595d7 wp-block-columns-is-layout-flex\">\n<div class=\"wp-block-column is-layout-flow wp-block-column-is-layout-flow\">\n<div class=\"wp-block-image\"><figure class=\"alignleft size-large\"><a href=\"https:\/\/www.autohouser.cz\/?page_id=2607\"><img loading=\"lazy\" decoding=\"async\" width=\"1024\" height=\"768\" src=\"https:\/\/www.autohouser.cz\/wp-content\/uploads\/2020\/05\/a12d3d29-7720-48c9-a6fb-090716f074ca-1024x768.jpg\" alt=\"\" class=\"wp-image-2578\" srcset=\"https:\/\/www.autohouser.cz\/wp-content\/uploads\/2020\/05\/a12d3d29-7720-48c9-a6fb-090716f074ca-1024x768.jpg 1024w, https:\/\/www.autohouser.cz\/wp-content\/uploads\/2020\/05\/a12d3d29-7720-48c9-a6fb-090716f074ca-600x450.jpg 600w, https:\/\/www.autohouser.cz\/wp-content\/uploads\/2020\/05\/a12d3d29-7720-48c9-a6fb-090716f074ca-300x225.jpg 300w, https:\/\/www.autohouser.cz\/wp-content\/uploads\/2020\/05\/a12d3d29-7720-48c9-a6fb-090716f074ca-768x576.jpg 768w, https:\/\/www.autohouser.cz\/wp-content\/uploads\/2020\/05\/a12d3d29-7720-48c9-a6fb-090716f074ca-1536x1152.jpg 1536w, https:\/\/www.autohouser.cz\/wp-content\/uploads\/2020\/05\/a12d3d29-7720-48c9-a6fb-090716f074ca-1150x863.jpg 1150w, https:\/\/www.autohouser.cz\/wp-content\/uploads\/2020\/05\/a12d3d29-7720-48c9-a6fb-090716f074ca-770x578.jpg 770w, https:\/\/www.autohouser.cz\/wp-content\/uploads\/2020\/05\/a12d3d29-7720-48c9-a6fb-090716f074ca-400x300.jpg 400w, https:\/\/www.autohouser.cz\/wp-content\/uploads\/2020\/05\/a12d3d29-7720-48c9-a6fb-090716f074ca-250x188.jpg 250w, https:\/\/www.autohouser.cz\/wp-content\/uploads\/2020\/05\/a12d3d29-7720-48c9-a6fb-090716f074ca.jpg 1600w\" sizes=\"auto, (max-width: 1024px) 100vw, 1024px\" \/><\/a><figcaption><strong>Renault Clio<\/strong><br><strong>Cena: 88 000 K\u010d<\/strong><br>V provozu od 10\/2009. Tachometr: 42 619 km, benz\u00edn. Objem: 1 149 ccm. P\u0159evodovka manu\u00e1ln\u00ed (5 stup\u0148ov\u00e1). Klimatizace manu\u00e1ln\u00ed.<\/figcaption><\/figure><\/div>\n<\/div>\n\n\n\n<div class=\"wp-block-column is-layout-flow wp-block-column-is-layout-flow\">\n<div class=\"wp-block-image\"><figure class=\"alignleft size-large\"><a href=\"https:\/\/www.autohouser.cz\/?page_id=2601\"><img loading=\"lazy\" decoding=\"async\" width=\"1024\" height=\"768\" src=\"https:\/\/www.autohouser.cz\/wp-content\/uploads\/2020\/05\/779c991c-9310-4feb-85e0-685e2daa2bde-1024x768.jpg\" alt=\"\" class=\"wp-image-2575\" srcset=\"https:\/\/www.autohouser.cz\/wp-content\/uploads\/2020\/05\/779c991c-9310-4feb-85e0-685e2daa2bde-1024x768.jpg 1024w, https:\/\/www.autohouser.cz\/wp-content\/uploads\/2020\/05\/779c991c-9310-4feb-85e0-685e2daa2bde-600x450.jpg 600w, https:\/\/www.autohouser.cz\/wp-content\/uploads\/2020\/05\/779c991c-9310-4feb-85e0-685e2daa2bde-300x225.jpg 300w, https:\/\/www.autohouser.cz\/wp-content\/uploads\/2020\/05\/779c991c-9310-4feb-85e0-685e2daa2bde-768x576.jpg 768w, https:\/\/www.autohouser.cz\/wp-content\/uploads\/2020\/05\/779c991c-9310-4feb-85e0-685e2daa2bde-1536x1152.jpg 1536w, https:\/\/www.autohouser.cz\/wp-content\/uploads\/2020\/05\/779c991c-9310-4feb-85e0-685e2daa2bde-1150x863.jpg 1150w, https:\/\/www.autohouser.cz\/wp-content\/uploads\/2020\/05\/779c991c-9310-4feb-85e0-685e2daa2bde-770x578.jpg 770w, https:\/\/www.autohouser.cz\/wp-content\/uploads\/2020\/05\/779c991c-9310-4feb-85e0-685e2daa2bde-400x300.jpg 400w, https:\/\/www.autohouser.cz\/wp-content\/uploads\/2020\/05\/779c991c-9310-4feb-85e0-685e2daa2bde-250x188.jpg 250w, https:\/\/www.autohouser.cz\/wp-content\/uploads\/2020\/05\/779c991c-9310-4feb-85e0-685e2daa2bde.jpg 1600w\" sizes=\"auto, (max-width: 1024px) 100vw, 1024px\" \/><\/a><figcaption><strong>Ford Mondeo<\/strong><br><strong>Cena: 175 000 K\u010d<\/strong><br>V provozu od 5\/2009. Tachometr: 197 854 km, nafta. Objem: 2 000 ccm. P\u0159evodovka automatick\u00e1 (6 stup\u0148ov\u00e1). Klimatizace automatick\u00e1. <\/figcaption><\/figure><\/div>\n<\/div>\n<\/div>\n","protected":false},"excerpt":{"rendered":"Audi Q5V provozu od 11\/2012. Tachometr: 130 300 km, nafta. Objem: 1 968 ccm. P\u0159evodovka automatick\u00e1. Klimatizace automatick\u00e1. Renault LagunaCena: 69 900 K\u010dV provozu od 5\/2005. Tachometr: 157 200 km, benz\u00edn. Objem: 1 998 ccm. P\u0159evodovka manu\u00e1ln\u00ed. Klimatizace: automatick\u00e1 Renault ClioCena: 88 000 K\u010dV provozu od 10\/2009. Tachometr: 42 619 km, benz\u00edn. Objem: 1 149 [...]","protected":false},"author":4,"featured_media":0,"parent":0,"menu_order":0,"comment_status":"closed","ping_status":"closed","template":"","meta":{"footnotes":""},"class_list":["post-2584","page","type-page","status-publish","hentry"],"_links":{"self":[{"href":"https:\/\/www.autohouser.cz\/index.php?rest_route=\/wp\/v2\/pages\/2584","targetHints":{"allow":["GET"]}}],"collection":[{"href":"https:\/\/www.autohouser.cz\/index.php?rest_route=\/wp\/v2\/pages"}],"about":[{"href":"https:\/\/www.autohouser.cz\/index.php?rest_route=\/wp\/v2\/types\/page"}],"author":[{"embeddable":true,"href":"https:\/\/www.autohouser.cz\/index.php?rest_route=\/wp\/v2\/users\/4"}],"replies":[{"embeddable":true,"href":"https:\/\/www.autohouser.cz\/index.php?rest_route=%2Fwp%2Fv2%2Fcomments&post=2584"}],"version-history":[{"count":19,"href":"https:\/\/www.autohouser.cz\/index.php?rest_route=\/wp\/v2\/pages\/2584\/revisions"}],"predecessor-version":[{"id":2622,"href":"https:\/\/www.autohouser.cz\/index.php?rest_route=\/wp\/v2\/pages\/2584\/revisions\/2622"}],"wp:attachment":[{"href":"https:\/\/www.autohouser.cz\/index.php?rest_route=%2Fwp%2Fv2%2Fmedia&parent=2584"}],"curies":[{"name":"wp","href":"https:\/\/api.w.org\/{rel}","templated":true}]}}